s -10 + -332?
-342
In base 11, what is -129 - 5?
-133
In base 16, what is 1 + -54e?
-54d
In base 13, what is 5 + 45?
4a
In base 7, what is 33 + -254?
-221
In base 12, what is 5 - 1a95?
-1a90
In base 14, what is 177b - -1?
177c
In base 9, what is -642 - 4?
-646
In base 6, what is -120 - -324?
204
In base 13, what is 37 + 333?
36a
In base 13, what is -5 + -117?
-11c
In base 12, what is 33 + 1?
34
In base 8, what is -460 - 7?
-467
In base 5, what is 3 + -102?
-44
In base 2, what is -1000101111001 - 11?
-1000101111100
In base 15, what is -1 + 154?
153
In base 8, what is -135 + 7?
-126
In base 7, what is -226 + -11?
-240
In base 8, what is -17 + -1?
-20
In base 12, what is 2 + 37?
39
In base 9, what is -215 - 11?
-226
In base 8, what is 10 + 16?
26
In base 5, what is -1044 + 21?
-1023
In base 5, what is 4 + 33042?
33101
In base 8, what is 35235 - -1?
35236
In base 4, what is -2 + 11130?
11122
In base 3, what is -102101 - 1001?
-110102
In base 14, what is -55 - -2?
-53
In base 5, what is 113 + 2?
120
In base 4, what is 2 + 120102?
120110
In base 2, what is 101111 + 111?
110110
In base 16, what is 9 + 5b?
64
In base 3, what is -1 + -1?
-2
In base 3, what is 0 - 111?
-111
In base 14, what is 1 + 1b3?
1b4
In base 11, what is 5549 + 2?
5550
In base 9, what is 266 + 22?
288
In base 8, what is -523 + 1?
-522
In base 2, what is -100100100 - -11110?
-100000110
In base 10, what is 48 - 14?
34
In base 13, what is -6b96 - -5?
-6b91
In base 3, what is -11200 + -1022?
-12222
In base 7, what is 1321 - 30?
1261
In base 12, what is 4 + 1a?
22
In base 7, what is 1264 + -1?
1263
In base 5, what is 4 - -20031?
20040
In base 13, what is 62 - 25?
3a
In base 5, what is 121 + -1?
120
In base 7, what is -5 + -216?
-224
In base 11, what is 1238 + -1?
1237
In base 12, what is -55 + 0?
-55
In base 6, what is 0 - 3434?
-3434
In base 8, what is 3 + 113?
116
In base 2, what is 1 - 100111?
-100110
In base 2, what is 0 + 11110001?
11110001
In base 13, what is -35b + -18?
-376
In base 14, what is 8 - -151?
159
In base 2, what is 10 + -1000011?
-1000001
In base 6, what is -3 - 3020?
-3023
In base 3, what is -101 - -122?
21
In base 11, what is -2 + -1607?
-1609
In base 3, what is 10 + -21122?
-21112
In base 15, what is 0 - -5d?
5d
In base 14, what is 2 + 2b?
2d
In base 7, what is -1304 - 3?
-1310
In base 10, what is 34 + 25?
59
In base 2, what is 1010101010 - 10110?
1010010100
In base 7, what is 324 + -1?
323
In base 2, what is -1101 + -10?
-1111
In base 7, what is 2 - 1454?
-1452
In base 11, what is 1a4 - 10?
194
In base 14, what is -50 + -3?
-53
In base 8, what is -7142 - -3?
-7137
In base 2, what is 1111001 - 1?
1111000
In base 5, what is -1 + -4343?
-4344
In base 10, what is 4 - 1799?
-1795
In base 10, what is 4 + -154?
-150
In base 10, what is 2232 + -3?
2229
In base 13, what is 65 + -23?
42
In base 12, what is 1546 - 0?
1546
In base 10, what is -157 + -1?
-158
In base 7, what is 24 - 5?
16
In base 15, what is 50 - 5?
4a
In base 4, what is 233 + 10?
303
In base 11, what is 4 + 27a?
283
In base 15, what is 62 - -2?
64
In base 4, what is 23 - -23110?
23133
In base 16, what is 0 - -104?
104
In base 14, what is -16a + 2?
-168
In base 16, what is -1 + -2d9?
-2da
In base 3, what is -21 + -10?
-101
In base 2, what is -101 + 10110?
10001
In base 7, what is 3 + 200?
203
In base 9, what is -84 + -3?
-87
In base 12, what is -296a + -2?
-2970
In base 7, what is -13324 + -1?
-13325
In base 10, what is -1 - 187?
-188
In base 5, what is 3 - 1300?
-1242
In base 8, what is 0 + -71?
-71
In base 9, what is 156 - 13?
143
In base 16, what is -a2 - 32?
-d4
In base 8, what is 0 - -4140?
4140
In base 3, what is 12 + 1201?
1220
In base 9, what is -7 + -5?
-13
In base 10, what is 1 + -3327?
-3326
In base 10, what is 97 + 11?
108
In base 14, what is 45 - -1b?
62
In base 6, what is -24150 - 3?
-24153
In base 12, what is 1 - 244?
-243
In base 9, what is 4 - -557?
562
In base 2, what is -11000111011 + 100?
-11000110111
In base 9, what is 173 - -4?
177
In base 12, what is -35 + 8?
-29
In base 16, what is 0 - -c?
c
In base 3, what is 20022212 + 12?
20100001
In base 4, what is 10 - -302?
312
In base 16, what is 6a - -1?
6b
In base 10, what is -18 - -1?
-17
In base 12, what is -3 + -24?
-27
In base 10, what is -379 + -58?
-437
In base 5, what is -143 - 13?
-211
In base 2, what is -1 + 1111110?
1111101
In base 15, what is 2cad + 4?
2cb2
In base 16, what is 0 - 52?
-52
In base 15, what is -6 + -a?
-11
In base 13, what is -1596 + -2?
-1598
In base 16, what is -4 + -7?
-b
In base 11, what is 9a - 29?
71
In base 8, what is -5 + -16?
-23
In base 2, what is 100 + -11001010?
-11000110
In base 10, what is -2 + -22?
-24
In base 14, what is -2db2 + -3?
-2db5
In base 2, what is -11111001000111 - 0?
-11111001000111
In base 13, what is 79 + -6?
73
In base 16, what is -36 - -1b?
-1b
In base 11, what is -31 + 1a?
-12
In base 7, what is 660 - 45?
612
In base 4, what is -110203 - 1?
-110210
In base 14, what is -8d7 - -3?
-8d4
In base 14, what is 0 + 6b?
6b
In base 13, what is 47 + 2?
49
In base 12, what is 798 + 3?
79b
In base 8, what is -126 - -10?
-116
In base 3, what is 2012121 + -11?
2012110
In base 3, what is 0 - -100102?
100102
In base 10, what is 5 - -168?
173
In base 16, what is 14 - 1?
13
In base 8, what is -2040 + 4?
-2034
In base 7, what is 2 - 54?
-52
In base 13, what is b9 + 3?
bc
In base 4, what is 130 - -2013?
2203
In base 10, what is 105 + 0?
105
In base 5, what is 13223 + -11?
13212
In base 6, what is 443 + -25?
414
In base 2, what is 1 + 110?
111
In base 16, what is 5 - 39a?
-395
In base 7, what is 1116 - -6?
1125
In base 12, what is -5 + 58?
53
In base 14, what is 213 - -2?
215
In base 9, what is 1 + -5?
-4
In base 16, what is 2 - -51c?
51e
In base 13, what is -4 + 191?
18a
In base 10, what is 13 - 19?
-6
In base 13, what is 2266 - -2?
2268
In base 5, what is 1221431 + 1?
1221432
In base 5, what is -203 + 10?
-143
In base 15, what is -7 + -677?
-67e
In base 2, what is 1010001 + 101000?
1111001
In base 2, what is 0 - 10011011?
-10011011
In base 16, what is b - -2?
d
In base 2, what is 101 + 1110101?
1111010
In base 12, what is 5 + -2aa?
-2a5
In base 7, what is 31 - -31?
62
In base 10, what is 21 + 61?
82
In base 3, what is 210 + 12?
222
In base 11, what is -13782 - -2?
-13780
In base 5, what is 4 + 2421?
2430
In base 9, what is -1 - -3231?
3230
In base 5, what is -141 - -10?
-131
In base 7, what is 651 + 10?
661
In base 13, what is 3 + -6a?
-67
In base 11, what is 0 - 279?
-279
In base 8, what is -15 - -4?
-11
In base 11, what is 169 - -5?
173
In base 8, what is 457 - -2?
461
In base 5, what is -30142 + -2?
-30144
In base 11, what is -8684 + 0?
-8684
In base 8, what is -67 - -26?
-41
In base 16, what is d2 + -a?
c8
In base 13, what is -108 - -4?
-104
In base 9, what is -4 - -35?
31
In base 5, what is -12021 - 23?
-12044
In base 15, what is -2 + -3a?
-3c
In base 6, what is 2 + -241?
-235
In base 9, what is 1070 - -13?
1083
In base 7, what is 60346 - -1?
60350
In base 6, what is -3 + 335?
332
In base 12, what is -18 + -13?
-2b
In base 15, what is 78 - 2?
76
In base 3, what is -1210021 + 2?
-1210012
In base 7, what is 1 - 64?
-63
In base 11, what is 6a - 55?
15
In base 4, what is 2012132 + 0?
2012132
In base 2, what is 11 + 110?
1001
In base 16, what is 0 + -301?
-301
In base 9, what is 5 + -7?
-2
In base 8, what is -5 + -17712?
-17717
In base 13, what is 1 - -52?
53
In base 5, what is -10 + -3204?
-3214
In base 10, what is 5 - -4?
9
In base 2, what is 1 - -101011?
101100
In base 9, what is 465 + -18?
446
In base 6, what is -1543 - 1?
-1544
In base 2, what is -11 - 101101011?
-101101110
In base 8, what is 6 + -206?
-200
In base 10, what is -183 - 2?
-185
In base 5, what is -1230 - 4?
-1234
In base 13, what is -5 - 10b?
-113
In base 10, what is -2168 - -5?
-2163
In base 2, what is 1 + -10000001010011?
-10000001010010
In base 15, what is 109 + a?
114
In base 3, what is 200012 + -2?
200010
In base 16, what is 39b - 1?
39a
In base 16, what is 0 + -23?
-23
In base 15, what is -1 - 3a3?
-3a4
In base 13, what is 3 - -77?
7a
In base 6, what is -204 - 5?
-213
In base 14, what is -6 + 48?
42
In base 9, what is -11331 - -4?
-11326
In base 7, what is -5 - 52?
-60
In base 14, what is -4 - -129?
125
In base 9, what is -1 - 